+ -41). List the prime factors of 45615/t - (-6)/(-9).
1013
Suppose 2317 = -29*j + 12757. Let q = 900 - j. What are the prime factors of q?
2, 3, 5
Let f = -91 - -142. Let r = f + -205. Let d = -68 - r. List the prime factors of d.
2, 43
Let f be 2 + 3209 - 0/(-6). Suppose 0 = 15*a - f + 766. What are the prime factors of a?
163
Suppose 3*k - 8515 = 2*n, -40*n + 36*n - 14189 = -5*k. List the prime factors of k.
3, 947
Let l(b) = 2*b - 16. Let m be l(11). Let a be ((-72)/32)/(m/(-8)). Suppose -5*u - 178 = -q, u + 342 = a*q - 248. What are the prime factors of q?
2, 3, 11
Let s(g) = -g**2. Let y(c) = -1355*c**2 - 1. Let b(r) = 6*s(r) - y(r). What are the prime factors of b(1)?
2, 3, 5
Let u(j) = -11*j - 81. Let d = -146 + 118. What are the prime factors of u(d)?
227
Let r = -19 + 103. Suppose -6*o - r = -10*o. Let z(y) = 2*y + 49. List the prime factors of z(o).
7, 13
Let c = -13 + 14. Let p be (c + -3)*1*-14. Suppose f - p = 41. List the prime factors of f.
3, 23
Let n = -36 - -36. Suppose 4*s - 380 = -n*s + 4*p, 0 = -3*s - 5*p + 325. Suppose 0 = y - c - s, -y - c + 110 - 4 = 0. What are the prime factors of y?
103
Suppose -v - 12 = -p + v, v - 27 = -5*p. Let z(o) = 46*o + 11. Let m be z(6). Suppose -p*g + m = g. List the prime factors of g.
41
Suppose 71*k - 2800215 = 86*k. List the prime factors of k/(-495) - 2/15 - -3.
2, 5, 19
Let y = 47958 - 29474. What are the prime factors of y?
2, 4621
Suppose 0 = -33*o + 8 - 41. List the prime factors of 3598/4*1/(o/(-2)).
7, 257
Suppose 111 = 29*s + 24. Let t = -4 + 2. List the prime factors of s + 0 - (1*-34 + t).
3, 13
Let a(v) = 2*v**2 + 24*v + 5. Let z be a(-12). What are the prime factors of ((-10480)/z)/(-8) - -2?
2, 3, 11
Suppose 5*j - 8*j + 1125 = 0. Suppose -8*f = -7*f + j. What are the prime factors of (9/4)/(-9) + f/(-12)?
31
Let x = -36 - -27. Let s be (x/(-1))/(12/(-16)). Let y = s - -86. What are the prime factors of y?
2, 37
Suppose -u + 5*h = -2*u - 18, 3*h + 12 = 0. Let a = 3760 + -2199. List the prime factors of a/14 + 1/u.
2, 7
Let n = 1079 - 584. Let u = 649 - n. What are the prime factors of u?
2, 7, 11
Let c be -5 - (((-8063)/55 - -3) + (-4)/10). Suppose -3*i + 3*m = -42, 2*i = 4*i - 4*m - 34. Suppose x = i + c. List the prime factors of x.
2, 3, 5
Let g(o) = -9*o**2 - 34*o + 14. Let r(d) = -10*d**2 - 35*d + 13. Let a(p) = -6*g(p) + 5*r(p). List the prime factors of a(-14).
359
Let a(t) = 3*t**2 - 103*t - 164. What are the prime factors of a(53)?
2, 701
Suppose -3*y - 4*q = -45999, 5*y + 11*q = 8*y - 45954. What are the prime factors of y?
15329
Let y = -24170 + 25920. List the prime factors of y.
2, 5, 7
Suppose 5*v - 50695 = -5*x, -2*x + 6*x + 3*v = 40559. Suppose 0 = 19*n - x + 3283. List the prime factors of n.
19
Let q = 403 - 263. Suppose 135*g - q*g + 1325 = 0. What are the prime factors of g?
5, 53
Let w(b) = 338*b**2 + 10*b + 126. What are the prime factors of w(8)?
2, 61, 179
Let h(i) = 4*i**3 - i**2 + 4. Let x(j) = -2*j**2 + 25*j - 9. Let w be (2/4)/(2*3/144). Let d be x(w). What are the prime factors of h(d)?
103
Let z(d) = -4*d**3 + 87*d**2 - 29*d + 39. List the prime factors of z(-21).
3, 313
Suppose -4*b = 2*x - 3050, -3*b + 3*x + 1613 + 661 = 0. Let r = b - 361. What are the prime factors of r?
2, 5
Suppose d + 4*l - 2871 = 3412, -25232 = -4*d + 4*l. List the prime factors of d.
3, 11, 191
Let h(f) = -6*f**2 - 22*f + 21. Let w(p) = -6*p**2 - 24*p + 21. Let m(r) = -11*h(r) + 10*w(r). Suppose -2*n - n = -15. What are the prime factors of m(n)?
139
Let u(v) = 6*v**3 + v**2 + 11*v + 2. Let z be u(6). Suppose -8 = -4*x - 12, 5*x = -5*y + z. List the prime factors of y.
281
Let s(v) = 5*v**2 + 20*v - 245. What are the prime factors of s(-46)?
5, 7, 269
Suppose 997 = -d + 5*a, -3*d + 2*a - a = 3047. Let t = d + 1728. What are the prime factors of t?
3, 79
Suppose -7*r = 3 + 67. Let q be (84/(-8))/(5/r). List the prime factors of (-72)/(-2)*70/q.
2, 3, 5
Let l = -176 + 174. What are the prime factors of 70/42 - (l - (-2486)/(-6))?
2, 11, 19
Suppose 16*w + 60 + 164 = 0. List the prime factors of (-7)/w*(-1546)/(-4)*4.
773
Let g(p) be the second derivative of -7*p**3/6 + 49*p**2/2 + 5*p. Let b be g(6). Suppose 74 = b*c - 171. What are the prime factors of c?
5, 7
Suppose -117*r + 173*r - 219520 = 0. List the prime factors of r.
2, 5, 7
Let w be ((-2196)/63 - 2)/(2/14). Let c = w - -495. What are the prime factors of c?
3, 79
Suppose 2*i - 5*v - 28751 = 0, -2*i + 4*v + 43116 = i. What are the prime factors of i?
2, 449
Let q(k) be the third derivative of -k**6/120 - k**5/6 - k**4/24 - k**3 + 26*k**2. Let s be q(-10). List the prime factors of 5/(-10)*-43*s.
2, 43
Suppose 203 + 15 = -2*t. Let l = 144 + t. Let n = l + -13. What are the prime factors of n?
2, 11
Suppose 14*x - 1666 = -36*x + x. Suppose -93 = -4*f + f. Let s = x + f. What are the prime factors of s?
5, 13
Let m(z) = -2842*z + 5866. What are the prime factors of m(-10)?
2, 7, 31, 79
Let h(q) = q + 2. Let z be h(0). Suppose -o = -3 - z, -5*o + 112 = c. List the prime factors of c.
3, 29
Let f(r) = 116*r**2 + 67*r - 25. List the prime factors of f(10).
5, 31, 79
Let x be -51*13*(-20)/30. Suppose 2*n - 886 = -4*c, 0 = -6*c + 4*c - 2*n + x. List the prime factors of c.
2, 3, 37
Let c be 4*37*(-27)/(-12). Suppose -5*d = -2*u - 0*d - 222, -d + c = -3*u. Let j = u - -121. List the prime factors of j.
2, 5
List the prime factors of ((-292)/(-146))/((-1 + -1)/4) - -22791.
22787
Let h(s) = 2*s**2 + 18*s + 14. Let r be h(-12). Suppose -r = 4*o - 5*o. Suppose -3*n + 157 = -o. List the prime factors of n.
3
Let u(m) = -17 + 56*m**2 - 108*m**2 - 10*m + 53*m**2. Let n be u(-5). Let g = n - -13. What are the prime factors of g?
71
Let f be 6/16 + 81/(-24) - 26. Let x = -50 - f. List the prime factors of (-2 - -52)*x/(-6).
5, 7
Suppose -1224*k + 96976 = -1208*k. List the prime factors of k.
11, 19, 29
Suppose -67432 = -116*t + 376500. List the prime factors of t.
43, 89
Suppose 0 = 2*r - 2*i - 16852, -154*i + 16856 = 2*r - 158*i. List the prime factors of r.
2, 3, 13
Let q(i) = 2*i**2 - 27*i + 101. List the prime factors of q(-70).
13, 907
What are the prime factors of 31/(7254/7897536) + (-4)/26?
2, 3, 5
Suppose 5*t + 2 = 3*t. Let y be 10*3 - 4/t. List the prime factors of (-1 + -11)/((-51)/y).
2
Suppose 2241 = 20*d - 8399. What are the prime factors of d?
2, 7, 19
Let g be (24/(-14))/(215/35 + -6). Let t = 330 + g. What are the prime factors of t?
2, 3, 53
Suppose 2*x - 211 - 59 = 0. Let c = 312 - x. Suppose -9*v + 696 = -c. What are the prime factors of v?
97
List the prime factors of (9/((-108)/30))/(4 + (-22706)/5676).
3, 5, 11, 43
Let c(z) = 20*z + 4*z**2 - 2 + 24*z**3 - 13*z**3 - 5*z**3 - 9*z**3. What are the prime factors of c(-7)?
3, 19
Let k = 27207 + -13532. List the prime factors of k.
5, 547
Suppose 4*l + 12 = 256. Let z = 64 - l. Suppose -3*w + b = -228, 5*w - 4*b = -z*b + 382. List the prime factors of w.
7, 11
Suppose -5*u + 3*y + 684 = u, 332 = 3*u - 4*y. List the prime factors of ((-8)/(-10))/(u/37990).
2, 131
Suppose -2*p + 0*t + 20 = 2*t, 22 = p - 5*t. Let d(r) = -r**2 + 14*r - 25. Let m be d(p). What are the prime factors of 132 + ((-4)/m - 1)?
3, 5
Suppose -5*j = -2*l - 35, 4*j - 22 + 17 = -3*l. Suppose 13*v - j*s = 18*v - 6165, 0 = 4*v - 2*s - 4926. What are the prime factors of v?
2, 7, 11
Let i = 224944 - 147167. What are the prime factors of i?
7, 41, 271
Suppose 2*z - 9920 = -2*o, 2*o = -24 + 14. What are the prime factors of z?
3, 5, 331
Let f = -18978 + 29493. Suppose 0 = -17*l - 1403 + f. What are the prime factors of l?
2, 67
Let h = 57 + 21. Suppose 5*s - h = 67. Suppose -u - s + 113 = 5*v, -v = 4*u - 279. List the prime factors of u.
3, 23
Suppose 0 = 14*b + 2112 + 5644. Let q = 1435 + b. What are the prime factors of q?
881
Suppose -12*p + 147604 + 67376 = 0. What are the prime factors of p?
5, 3583
Let y(p) = -p**3 - p - 1. Let z(l) = -4*l**3 + 19*l**2 + 52*l + 7. Let v(w) = 3*y(w) - z(w). List the prime factors of v(23).
29
Suppose -5*b = z - 48, 5*b = 2*z + 2*b - 44. Let v = 122 + z. What are the prime factors of v?
2, 3, 5
Suppose s + 6*s - 14 = 0. Suppose 3*m - 979 = h, 345 = m - s*h - 3*h. Suppose -290 - m = -5*q. List the prime factors of q.
3, 41
Let m = 21511 + -5069. List the prime